it of 34357?
3
What is the hundreds digit of 614?
6
What is the ten thousands digit of 173862?
7
What is the units digit of 10387?
7
What is the tens digit of 8220?
2
What is the thousands digit of 32751?
2
What is the hundreds digit of 386?
3
What is the tens digit of 15698?
9
What is the units digit of 4774?
4
What is the units digit of 121?
1
What is the units digit of 151?
1
What is the units digit of 1004?
4
What is the hundreds digit of 2736?
7
What is the thousands digit of 6180?
6
What is the hundreds digit of 3907?
9
What is the hundreds digit of 7565?
5
What is the units digit of 2908?
8
What is the hundreds digit of 735?
7
What is the units digit of 7933?
3
What is the ten thousands digit of 75831?
7
What is the thousands digit of 2232?
2
What is the units digit of 34440?
0
What is the tens digit of 8840?
4
What is the tens digit of 5629?
2
What is the tens digit of 50568?
6
What is the tens digit of 426?
2
What is the tens digit of 487?
8
What is the hundreds digit of 3156?
1
What is the units digit of 4369?
9
What is the tens digit of 2149?
4
What is the tens digit of 71037?
3
What is the units digit of 18321?
1
What is the units digit of 7446?
6
What is the tens digit of 21282?
8
What is the hundreds digit of 43023?
0
What is the tens digit of 5246?
4
What is the thousands digit of 119738?
9
What is the tens digit of 24139?
3
What is the thousands digit of 9171?
9
What is the tens digit of 20804?
0
What is the ten thousands digit of 10574?
1
What is the units digit of 8619?
9
What is the thousands digit of 4086?
4
What is the hundreds digit of 8737?
7
What is the tens digit of 1904?
0
What is the units digit of 14720?
0
What is the units digit of 13174?
4
What is the thousands digit of 1280?
1
What is the tens digit of 6469?
6
What is the ten thousands digit of 64098?
6
What is the tens digit of 1081?
8
What is the ten thousands digit of 48612?
4
What is the thousands digit of 5319?
5
What is the units digit of 3962?
2
What is the units digit of 4704?
4
What is the hundreds digit of 536?
5
What is the tens digit of 940?
4
What is the hundreds digit of 553?
5
What is the tens digit of 478?
7
What is the units digit of 3686?
6
What is the units digit of 75411?
1
What is the units digit of 14079?
9
What is the hundreds digit of 205?
2
What is the ten thousands digit of 101459?
0
What is the units digit of 64?
4
What is the thousands digit of 35397?
5
What is the tens digit of 56362?
6
What is the thousands digit of 27951?
7
What is the units digit of 572?
2
What is the thousands digit of 1357?
1
What is the tens digit of 14759?
5
What is the units digit of 512?
2
What is the hundreds digit of 123?
1
What is the thousands digit of 1102?
1
What is the units digit of 19546?
6
What is the tens digit of 7835?
3
What is the hundreds digit of 3508?
5
What is the units digit of 8300?
0
What is the hundreds digit of 239?
2
What is the thousands digit of 134601?
4
What is the units digit of 760?
0
What is the units digit of 19776?
6
What is the hundreds digit of 2006?
0
What is the tens digit of 25923?
2
What is the hundreds digit of 9564?
5
What is the hundreds digit of 2254?
2
What is the hundreds digit of 6372?
3
What is the hundreds digit of 1566?
5
What is the ten thousands digit of 86598?
8
What is the thousands digit of 115695?
5
What is the ten thousands digit of 26442?
2
What is the hundreds digit of 611?
6
What is the tens digit of 5773?
7
What is the hundreds digit of 46520?
5
What is the tens digit of 5537?
3
What is the units digit of 14354?
4
What is the tens digit of 12051?
5
What is the tens digit of 4966?
6
What is the thousands digit of 3576?
3
What is the thousands digit of 7155?
7
What is the units digit of 2061?
1
What is the units digit of 2686?
6
What is the hundreds digit of 50730?
7
What is the thousands digit of 35439?
5
What is the hundreds digit of 406?
4
What is the units digit of 5939?
9
What is the hundreds digit of 363?
3
What is the hundreds digit of 2109?
1
What is the tens digit of 486?
8
What is the units digit of 1861?
1
What is the hundreds digit of 9871?
8
What is the hundreds digit of 118981?
9
What is the hundreds digit of 1950?
9
What is the units digit of 147002?
2
What is the tens digit of 4306?
0
What is the ten thousands digit of 16006?
1
What is the units digit of 2308?
8
What is the hundreds digit of 104317?
3
What is the units digit of 2405?
5
What is the hundreds digit of 763?
7
What is the units digit of 84?
4
What is the units digit of 9454?
4
What is the ten thousands digit of 17873?
1
What is the units digit of 38152?
2
What is the units digit of 45233?
3
What is the hundreds digit of 86409?
4
What is the tens digit of 302?
0
What is the hundreds digit of 83970?
9
What is the thousands digit of 3441?
3
What is the tens digit of 1219?
1
What is the hundreds digit of 5129?
1
What is the thousands digit of 10086?
0
What is the tens digit of 3702?
0
What is the tens digit of 39813?
1
What is the tens digit of 1523?
2
What is the tens digit of 33183?
8
What is the tens digit of 901?
0
What is the ten thousands digit of 85852?
8
What is the hundreds digit of 778?
7
What is the hundreds digit of 3167?
1
What is the units digit of 1543?
3
What is the tens digit of 3734?
3
What is the hundreds digit of 160?
1
What is the tens digit of 14541?
4
What is the tens digit of 7813?
1
What is the thousands digit of 24163?
4
What is the ten thousands digit of 13867?
1
What is the ten thousands digit of 18185?
1
What is the units digit of 659?
9
What is the ten thousands digit of 10330?
1
What is the hundreds digit of 29602?
6
What is the units digit of 58511?
1
What is the units digit of 2701?
1
What is the ten thousands digit of 24494?
2
What is the units digit of 21625?
5
What is the tens digit of 1376?
7
What is the tens digit of 25241?
4
What is the hundreds digit of 30545?
5
What is the units digit of 2078?
8
What is the ten thousands digit of 58809?
5
What is the hundreds digit of 2650?
6
What is the hundreds digit of 16122?
1
What is the thousands digit of 3053?
3
What is the tens digit of 2196?
9
What is the hundreds digit of 451?
4
What is the units digit of 25420?
0
What is the units digit of 30681?
1
What is the thousands digit of 60299?
0
What is the tens digit of 830?
3
What is the units digit of 11789?
9
What is the tens digit of 16049?
4
What is the thousands digit of 57163?
7
What is the units digit of 2148?
8
What is the units digit of 2418?
8
What is the ten thousands digit of 67657?
6
What is the units digit of 6717?
7
What is the tens digit of 9368?
6
What is the thousands digit of 2704?
2
What is the units digit of 35102?
2
What is the hundreds digit of 2352?
3
What is the hundreds digit of 49167?
1
What is the thousands digit of 4958?
4
What is the tens digit of 31352?
5
What is the tens digit of 42143?
4
What is the hundreds digit of 896?
8
What is the thousands digit of 40532?
0
What is the hundreds digit of 960?
9
What is the units digit of 102936?
6
What is the units digit of 10270?
0
What is the units digit of 477?
7
What is the hundreds digit of 467?
4
What is the hundreds digit of 302?
3
What is the units digit of 57641?
1
What is the hundreds digit of 921?
9
What is the ten thousands digit of 33027?
3
What is the tens digit of 1149?
4
What is the tens digit of 311?
1
What is the ten thousands digit of 138215?
3
What is the tens digit of 6524?
2
What is the thousands digit of 12971?
2
What is the tens digit of 7864?
6
What is the hundreds digit of 2930?
9
What is the units digit of 3343?
3
What is the units digit of 700?
0
What is the tens digit of 52812?
1
What is the hundreds digit of 3494?
4
What is the thousands digit of 12331?
2
What is the thousands digit of 1329?
1
What is the hundreds digit of 582?
5
What is the tens digit of 8331?
3
What is the thousands digit of 1651?
1
What is the ten thousands digit of 21105?
2
What is the tens digit of 60513?
1
What is the ten thousands digit of 101221?
0
What is the units digit of 22?
2
What is the thousands digit of 1711?
1
What is the hundreds digit of 244?
2
What is the hundreds digit of 1404?
4
What is the ten thousands digit of 88411?
8
What is the units digit of 3524?
4
What is the ten thousands digit of 22624?
2
What is